{"id":23932,"date":"2020-10-07T14:33:58","date_gmt":"2020-10-07T12:33:58","guid":{"rendered":"http:\/\/mz-badkreuznach.bildung-rp.de\/?page_id=23932"},"modified":"2025-07-10T11:06:06","modified_gmt":"2025-07-10T09:06:06","slug":"workshops","status":"publish","type":"page","link":"https:\/\/mz-badkreuznach.bildung-rp.de\/?page_id=23932","title":{"rendered":"Fortbildungen \/ Workshops"},"content":{"rendered":"\n<p class=\"wp-block-paragraph\" style=\"font-size:18px\">F\u00fcr viele der ausleihbaren Medien bieten wir auf Nachfrage Workshops in Ihrer Schule an, z. B. im Rahmen von Studientagen im Kollegium oder f\u00fcr Sch\u00fclerinnen und Sch\u00fcler in Ihrem Unterricht (<a href=\"https:\/\/mz-badkreuznach.bildung-rp.de\/?page_id=25591\" target=\"_blank\" rel=\"noreferrer noopener\">Medien-aktiv!- Stunde<\/a>), z.B.: <strong>Lego-Spike-Roboter<\/strong>, <strong>Drohnen <\/strong>programmieren, <strong>Blue-Bot<\/strong>, <strong>VEX 123<\/strong>, <strong>Audio-und Videoproduktion<\/strong> etc.<\/p>\n\n\n\n<p class=\"wp-block-paragraph\" style=\"font-size:18px\"><br>Weitere Themen \/ Inhalte sind auf Nachfrage ebenfalls m\u00f6glich, z. B.: <strong>iPad als Lehrerarbeitsger\u00e4t<\/strong>, <strong>iPad f\u00fcr Einsteiger <\/strong>etc.<\/p>\n\n\n\n<p class=\"wp-block-paragraph\"><\/p>\n\n\n\n<p class=\"wp-block-paragraph\"><\/p>\n\n\n\n<p class=\"wp-block-paragraph\"><\/p>\n","protected":false},"excerpt":{"rendered":"<p>F\u00fcr viele der ausleihbaren Medien bieten wir auf Nachfrage Workshops in Ihrer Schule an, z. B. im Rahmen von Studientagen im Kollegium oder f\u00fcr Sch\u00fclerinnen und Sch\u00fcler in Ihrem Unterricht (Medien-aktiv!- Stunde), z.B.: Lego-Spike-Roboter, Drohnen programmieren, Blue-Bot, VEX 123, Audio-und Videoproduktion etc. Weitere Themen \/ Inhalte sind auf Nachfrage ebenfalls m\u00f6glich, z. B.: iPad als [&hellip;]<\/p>\n","protected":false},"author":2,"featured_media":0,"parent":0,"menu_order":0,"comment_status":"closed","ping_status":"closed","template":"","meta":{"_crdt_document":"","footnotes":""},"class_list":["post-23932","page","type-page","status-publish","hentry","entry"],"jetpack_sharing_enabled":true,"_links":{"self":[{"href":"https:\/\/mz-badkreuznach.bildung-rp.de\/index.php?rest_route=\/wp\/v2\/pages\/23932","targetHints":{"allow":["GET"]}}],"collection":[{"href":"https:\/\/mz-badkreuznach.bildung-rp.de\/index.php?rest_route=\/wp\/v2\/pages"}],"about":[{"href":"https:\/\/mz-badkreuznach.bildung-rp.de\/index.php?rest_route=\/wp\/v2\/types\/page"}],"author":[{"embeddable":true,"href":"https:\/\/mz-badkreuznach.bildung-rp.de\/index.php?rest_route=\/wp\/v2\/users\/2"}],"replies":[{"embeddable":true,"href":"https:\/\/mz-badkreuznach.bildung-rp.de\/index.php?rest_route=%2Fwp%2Fv2%2Fcomments&post=23932"}],"version-history":[{"count":136,"href":"https:\/\/mz-badkreuznach.bildung-rp.de\/index.php?rest_route=\/wp\/v2\/pages\/23932\/revisions"}],"predecessor-version":[{"id":26520,"href":"https:\/\/mz-badkreuznach.bildung-rp.de\/index.php?rest_route=\/wp\/v2\/pages\/23932\/revisions\/26520"}],"wp:attachment":[{"href":"https:\/\/mz-badkreuznach.bildung-rp.de\/index.php?rest_route=%2Fwp%2Fv2%2Fmedia&parent=23932"}],"curies":[{"name":"wp","href":"https:\/\/api.w.org\/{rel}","templated":true}]}}