{"id":26015,"date":"2023-07-12T10:08:54","date_gmt":"2023-07-12T08:08:54","guid":{"rendered":"https:\/\/mz-badkreuznach.bildung-rp.de\/?page_id=26015"},"modified":"2023-07-12T10:31:00","modified_gmt":"2023-07-12T08:31:00","slug":"planspiel-welt-macht-hunger","status":"publish","type":"page","link":"https:\/\/mz-badkreuznach.bildung-rp.de\/?page_id=26015","title":{"rendered":"Planspiel WELT MACHT HUNGER"},"content":{"rendered":"\n<p class=\"has-medium-font-size wp-block-paragraph\">Das Planspiel WELT MACHT HUNGER f\u00fcr Sekundarstufe I und II kann ab sofort im Kreismedienzentrum entliehen werden.<\/p>\n\n\n\n<section id=\"section-be609016-5973-4862-9fbe-7dfad8bbb60c\" class=\"wp-block-gutentor-divider section-be609016-5973-4862-9fbe-7dfad8bbb60c gutentor-element gutentor-section gutentor-divider text-center\"><div class=\"grid-container\"><div class=\"gutentor-divider-box\"><span><svg xmlns=\"http:\/\/www.w3.org\/2000\/svg\" viewBox=\"0 0 240 40\" preserveAspectRatio=\"none\"><path d=\"M56.2 20c5.3-.1 10.6-.2 16-.3l16-.2c10.6-.1 21.3-.1 31.9-.2 10.6.1 21.3 0 31.9.1l16 .2c5.3.1 10.6.2 16 .3-5.3.1-10.6.2-16 .3l-16 .2c-10.6.1-21.3.1-31.9.1-10.6-.1-21.3 0-31.9-.2l-16-.2c-5.4.1-10.7 0-16-.1z\"><\/path><\/svg><\/span><\/div><\/div><\/section>\n\n\n\n<div class=\"wp-block-media-text alignfull is-stacked-on-mobile is-vertically-aligned-top\"><figure class=\"wp-block-media-text__media\"><img data-recalc-dims=\"1\" loading=\"lazy\" decoding=\"async\" width=\"1024\" height=\"1024\" src=\"https:\/\/i0.wp.com\/mz-badkreuznach.bildung-rp.de\/wp-content\/uploads\/2023\/07\/IMG_3062.jpg?resize=1024%2C1024&#038;ssl=1\" alt=\"Planspiel WELT MACHT HUNGER - Verleih nur per Mail \/ Telefon - Foto: privat\" class=\"wp-image-25907 size-full\" srcset=\"https:\/\/i0.wp.com\/mz-badkreuznach.bildung-rp.de\/wp-content\/uploads\/2023\/07\/IMG_3062.jpg?resize=1024%2C1024&amp;ssl=1 1024w, https:\/\/i0.wp.com\/mz-badkreuznach.bildung-rp.de\/wp-content\/uploads\/2023\/07\/IMG_3062.jpg?resize=300%2C300&amp;ssl=1 300w, https:\/\/i0.wp.com\/mz-badkreuznach.bildung-rp.de\/wp-content\/uploads\/2023\/07\/IMG_3062.jpg?resize=150%2C150&amp;ssl=1 150w, https:\/\/i0.wp.com\/mz-badkreuznach.bildung-rp.de\/wp-content\/uploads\/2023\/07\/IMG_3062.jpg?resize=768%2C768&amp;ssl=1 768w, https:\/\/i0.wp.com\/mz-badkreuznach.bildung-rp.de\/wp-content\/uploads\/2023\/07\/IMG_3062.jpg?resize=1536%2C1536&amp;ssl=1 1536w, https:\/\/i0.wp.com\/mz-badkreuznach.bildung-rp.de\/wp-content\/uploads\/2023\/07\/IMG_3062.jpg?resize=2048%2C2048&amp;ssl=1 2048w\" sizes=\"auto, (max-width: 1024px) 100vw, 1024px\" \/><\/figure><div class=\"wp-block-media-text__content\">\n<p class=\"has-text-align-left has-text-color has-medium-font-size wp-block-paragraph\" style=\"color:#000000\"><strong>Themenbezug <\/strong><\/p>\n\n\n\n<p class=\"has-text-color has-medium-font-size wp-block-paragraph\" style=\"color:#000000\">Globales Lernen \/ Ern\u00e4hrung \/ Hunger \/ Deutsch \/ Geschichte \/ Kunst \/ Politische Bildung\/ Religion \/ Ethik<\/p>\n\n\n\n<p class=\"has-text-align-left has-text-color has-medium-font-size wp-block-paragraph\" style=\"color:#000000\"><\/p>\n\n\n\n<p class=\"has-text-color has-medium-font-size wp-block-paragraph\" style=\"color:#000000\">Das Thema Hunger und Ungleichheit in der Welt wird durch das Planspiel hautnah miterlebt, die Sch\u00fclerinnen und Sch\u00fcler aus ihrer ohnm\u00e4chtigen Haltung heraus durch konkrete Impulse in ihre Handlungskompetenz gef\u00fchrt. <\/p>\n\n\n\n<p class=\"has-text-color has-medium-font-size wp-block-paragraph\" style=\"color:#000000\">F\u00fcr 14 &#8211; 30 Teilnehmer.<\/p>\n\n\n\n<p class=\"has-text-color has-medium-font-size wp-block-paragraph\" style=\"color:#000000\"><\/p>\n\n\n\n<p class=\"has-text-color has-medium-font-size wp-block-paragraph\" style=\"color:#000000\">F\u00fcr weitere Informationen und Verleih wenden Sie sich bitte an <a href=\"mailto:bad-kreuznach@kmz.bildung-rp.de\">bad-kreuznach@kmz.bildung-rp.de<\/a> oder telefonisch an 0671 803 1667 (1668).<\/p>\n<\/div><\/div>\n\n\n\n<p class=\"wp-block-paragraph\">Planspiel WELT MACHT HUNGER &#8211; Verleih nur per Mail \/ Telefon &#8211; Foto: privat<\/p>\n\n\n\n<section id=\"section-79ef82da-2074-4a4e-be57-2aec5eef696e\" class=\"wp-block-gutentor-divider section-79ef82da-2074-4a4e-be57-2aec5eef696e gutentor-element gutentor-section gutentor-divider text-center\"><div class=\"grid-container\"><div class=\"gutentor-divider-box\"><span><svg xmlns=\"http:\/\/www.w3.org\/2000\/svg\" viewBox=\"0 0 240 40\" preserveAspectRatio=\"none\"><path d=\"M56.2 20c5.3-.1 10.6-.2 16-.3l16-.2c10.6-.1 21.3-.1 31.9-.2 10.6.1 21.3 0 31.9.1l16 .2c5.3.1 10.6.2 16 .3-5.3.1-10.6.2-16 .3l-16 .2c-10.6.1-21.3.1-31.9.1-10.6-.1-21.3 0-31.9-.2l-16-.2c-5.4.1-10.7 0-16-.1z\"><\/path><\/svg><\/span><\/div><\/div><\/section>\n\n\n\n<div class=\"wp-block-buttons is-layout-flex wp-block-buttons-is-layout-flex\">\n<div class=\"wp-block-button\"><a class=\"wp-block-button__link has-white-color has-midnight-gradient-background has-text-color has-background wp-element-button\" href=\"https:\/\/www.globaleslernen.de\/de\/bildungsangebote\/bildungsmaterialien\/welt-macht-hunger-das-praxisorientierte-bildungsprogramm-mit-planspiel\" target=\"_blank\" rel=\"noreferrer noopener\">mehr Infos<\/a><\/div>\n<\/div>\n","protected":false},"excerpt":{"rendered":"<p>Das Planspiel WELT MACHT HUNGER f\u00fcr Sekundarstufe I und II kann ab sofort im Kreismedienzentrum entliehen werden. Themenbezug Globales Lernen \/ Ern\u00e4hrung \/ Hunger \/ Deutsch \/ Geschichte \/ Kunst \/ Politische Bildung\/ Religion \/ Ethik Das Thema Hunger und Ungleichheit in der Welt wird durch das Planspiel hautnah miterlebt, die Sch\u00fclerinnen und Sch\u00fcler aus [&hellip;]<\/p>\n","protected":false},"author":2,"featured_media":0,"parent":0,"menu_order":0,"comment_status":"closed","ping_status":"closed","template":"","meta":{"_crdt_document":"","footnotes":""},"class_list":["post-26015","page","type-page","status-publish","hentry","entry"],"jetpack_sharing_enabled":true,"_links":{"self":[{"href":"https:\/\/mz-badkreuznach.bildung-rp.de\/index.php?rest_route=\/wp\/v2\/pages\/26015","targetHints":{"allow":["GET"]}}],"collection":[{"href":"https:\/\/mz-badkreuznach.bildung-rp.de\/index.php?rest_route=\/wp\/v2\/pages"}],"about":[{"href":"https:\/\/mz-badkreuznach.bildung-rp.de\/index.php?rest_route=\/wp\/v2\/types\/page"}],"author":[{"embeddable":true,"href":"https:\/\/mz-badkreuznach.bildung-rp.de\/index.php?rest_route=\/wp\/v2\/users\/2"}],"replies":[{"embeddable":true,"href":"https:\/\/mz-badkreuznach.bildung-rp.de\/index.php?rest_route=%2Fwp%2Fv2%2Fcomments&post=26015"}],"version-history":[{"count":10,"href":"https:\/\/mz-badkreuznach.bildung-rp.de\/index.php?rest_route=\/wp\/v2\/pages\/26015\/revisions"}],"predecessor-version":[{"id":26061,"href":"https:\/\/mz-badkreuznach.bildung-rp.de\/index.php?rest_route=\/wp\/v2\/pages\/26015\/revisions\/26061"}],"wp:attachment":[{"href":"https:\/\/mz-badkreuznach.bildung-rp.de\/index.php?rest_route=%2Fwp%2Fv2%2Fmedia&parent=26015"}],"curies":[{"name":"wp","href":"https:\/\/api.w.org\/{rel}","templated":true}]}}