{"id":26445,"date":"2024-12-13T10:59:18","date_gmt":"2024-12-13T09:59:18","guid":{"rendered":"https:\/\/mz-badkreuznach.bildung-rp.de\/?page_id=26445"},"modified":"2025-12-05T10:40:44","modified_gmt":"2025-12-05T09:40:44","slug":"greenscreenbox","status":"publish","type":"page","link":"https:\/\/mz-badkreuznach.bildung-rp.de\/?page_id=26445","title":{"rendered":"Innovatives Lernen mit Greenscreen-Technologie"},"content":{"rendered":"\n<p class=\"wp-block-paragraph\" style=\"font-size:22px\"><strong>Tischstudio (4x) und gro\u00dfe Leinwand im Verleih.<\/strong><\/p>\n\n\n\n<div class=\"wp-block-media-text is-stacked-on-mobile is-vertically-aligned-top\" style=\"grid-template-columns:36% auto\"><figure class=\"wp-block-media-text__media\"><img data-recalc-dims=\"1\" loading=\"lazy\" decoding=\"async\" width=\"1200\" height=\"900\" src=\"https:\/\/i0.wp.com\/mz-badkreuznach.bildung-rp.de\/wp-content\/uploads\/2024\/12\/IMG_5142.jpg?resize=1200%2C900&#038;ssl=1\" alt=\"GreenScreenBox (Foto: privat)\" class=\"wp-image-26419 size-full\" srcset=\"https:\/\/i0.wp.com\/mz-badkreuznach.bildung-rp.de\/wp-content\/uploads\/2024\/12\/IMG_5142.jpg?w=2016&amp;ssl=1 2016w, https:\/\/i0.wp.com\/mz-badkreuznach.bildung-rp.de\/wp-content\/uploads\/2024\/12\/IMG_5142.jpg?resize=300%2C225&amp;ssl=1 300w, https:\/\/i0.wp.com\/mz-badkreuznach.bildung-rp.de\/wp-content\/uploads\/2024\/12\/IMG_5142.jpg?resize=1024%2C768&amp;ssl=1 1024w, https:\/\/i0.wp.com\/mz-badkreuznach.bildung-rp.de\/wp-content\/uploads\/2024\/12\/IMG_5142.jpg?resize=768%2C576&amp;ssl=1 768w, https:\/\/i0.wp.com\/mz-badkreuznach.bildung-rp.de\/wp-content\/uploads\/2024\/12\/IMG_5142.jpg?resize=1536%2C1152&amp;ssl=1 1536w\" sizes=\"auto, (max-width: 1200px) 100vw, 1200px\" \/><\/figure><div class=\"wp-block-media-text__content\">\n<p class=\"wp-block-paragraph\" style=\"font-size:22px\">GreenScreen Box &#8211; Tischstudio f\u00fcr das Tablet<\/p>\n\n\n\n<p class=\"wp-block-paragraph\" style=\"font-size:18px\"><strong>Kreative Stop-Motion-Videos und Bild-Szenen!<\/strong><\/p>\n\n\n\n<p class=\"wp-block-paragraph\" style=\"font-size:18px\">kinderleichte Handhabung &#8211; Aufnahmen mit beliebigen Hintergr\u00fcnden! Ideal f\u00fcr kreative Schulprojekte!<\/p>\n\n\n\n<p class=\"wp-block-paragraph\">(Foto: KMZ)<\/p>\n<\/div><\/div>\n\n\n\n<section id=\"section-g-uq31pzo\" class=\"wp-block-gutentor-divider section-g-uq31pzo gutentor-element gutentor-section gutentor-divider text-center\"><div class=\"grid-container\"><div class=\"gutentor-divider-box\"><span><svg xmlns=\"http:\/\/www.w3.org\/2000\/svg\" viewBox=\"0 0 240 40\" preserveAspectRatio=\"none\"><path d=\"M56.2 20c5.3-.1 10.6-.2 16-.3l16-.2c10.6-.1 21.3-.1 31.9-.2 10.6.1 21.3 0 31.9.1l16 .2c5.3.1 10.6.2 16 .3-5.3.1-10.6.2-16 .3l-16 .2c-10.6.1-21.3.1-31.9.1-10.6-.1-21.3 0-31.9-.2l-16-.2c-5.4.1-10.7 0-16-.1z\"><\/path><\/svg><\/span><\/div><\/div><\/section>\n\n\n\n<div class=\"wp-block-media-text has-media-on-the-right is-stacked-on-mobile is-vertically-aligned-top\" style=\"grid-template-columns:auto 31%\"><div class=\"wp-block-media-text__content\">\n<p class=\"wp-block-paragraph\" style=\"font-size:22px\">Gro\u00dfe Greenscreen-Leinwand mit Stativ (3x3m)<br><\/p>\n\n\n\n<p class=\"wp-block-paragraph\" style=\"font-size:18px\"><strong>Die Welt ganz einfach in den Klassenraum holen<\/strong>!<\/p>\n\n\n\n<p class=\"wp-block-paragraph\" style=\"font-size:18px\">Nachrichtenstudio, Theaterszenen, Erkl\u00e4rvideos in virtueller Umgebung, Film- und Trickaufnahmen&#8230; Lassen Sie Ihrer Phantasie freien Lauf!<\/p>\n\n\n\n<p class=\"wp-block-paragraph\">(Foto: KMZ)<\/p>\n<\/div><figure class=\"wp-block-media-text__media\"><img data-recalc-dims=\"1\" loading=\"lazy\" decoding=\"async\" width=\"1024\" height=\"913\" src=\"https:\/\/i0.wp.com\/mz-badkreuznach.bildung-rp.de\/wp-content\/uploads\/2025\/12\/image1.jpeg?resize=1024%2C913&#038;ssl=1\" alt=\"\" class=\"wp-image-26995 size-full\" srcset=\"https:\/\/i0.wp.com\/mz-badkreuznach.bildung-rp.de\/wp-content\/uploads\/2025\/12\/image1.jpeg?resize=1024%2C913&amp;ssl=1 1024w, https:\/\/i0.wp.com\/mz-badkreuznach.bildung-rp.de\/wp-content\/uploads\/2025\/12\/image1.jpeg?resize=300%2C267&amp;ssl=1 300w, https:\/\/i0.wp.com\/mz-badkreuznach.bildung-rp.de\/wp-content\/uploads\/2025\/12\/image1.jpeg?resize=768%2C685&amp;ssl=1 768w, https:\/\/i0.wp.com\/mz-badkreuznach.bildung-rp.de\/wp-content\/uploads\/2025\/12\/image1.jpeg?w=1418&amp;ssl=1 1418w\" sizes=\"auto, (max-width: 1024px) 100vw, 1024px\" \/><\/figure><\/div>\n\n\n\n<div id=\"section-g-ssiphis\" class=\"wp-block-gutentor-e1 section-g-ssiphis gutentor-element gutentor-element-advanced-text\"><div class=\"gutentor-text-wrap\"><p class=\"gutentor-text\"><br><br><\/p><\/div><\/div>\n\n\n\n<section id=\"section-g-f1zppv2\" class=\"wp-block-gutentor-divider section-g-f1zppv2 gutentor-element gutentor-section gutentor-divider text-center\"><div class=\"grid-container\"><div class=\"gutentor-divider-box\"><span><svg xmlns=\"http:\/\/www.w3.org\/2000\/svg\" viewBox=\"0 0 240 40\" preserveAspectRatio=\"none\"><path d=\"M56.2 20c5.3-.1 10.6-.2 16-.3l16-.2c10.6-.1 21.3-.1 31.9-.2 10.6.1 21.3 0 31.9.1l16 .2c5.3.1 10.6.2 16 .3-5.3.1-10.6.2-16 .3l-16 .2c-10.6.1-21.3.1-31.9.1-10.6-.1-21.3 0-31.9-.2l-16-.2c-5.4.1-10.7 0-16-.1z\"><\/path><\/svg><\/span><\/div><\/div><\/section>\n\n\n\n<p class=\"has-medium-font-size wp-block-paragraph\"><strong>Innovatives Lernen mit Greenscreen-Technologie<\/strong><br>Die Materialien bieten eine nahtlose Integration von moderner Technologie in den Unterricht, indem es Lehrkr\u00e4ften und Sch\u00fclerinnen und Sch\u00fclern erm\u00f6glicht, beeindruckende<strong>Greenscreen-Fotos und Videos zu erstellen.<\/strong> Mit der Greenscreen-Technologie k\u00f6nnen Sie verschiedene Hintergr\u00fcnde nach Belieben digital einf\u00fcgen und so&nbsp;<strong>realistische oder fantastische Szenarien <\/strong>schaffen, ohne den Klassenraum zu verlassen. Egal, ob Sie historische Ereignisse nachstellen oder komplexe wissenschaftliche Konzepte visualisieren m\u00f6chten, die Greenscreenbox macht es m\u00f6glich.<\/p>\n\n\n\n<p class=\"has-medium-font-size wp-block-paragraph\"><strong>Kreative Videoproduktion, einfach gemacht!<br><\/strong>Die <strong>mitgelieferten Bl\u00f6cke und Streifen<\/strong> sind in der Farbe der Greenscreenbox gehalten und daher in den Aufnahmen unsichtbar, was sie ideal macht, um <strong>Objekte zu verbergen oder Bewegungen zu simulieren.&nbsp;<\/strong>Mit einem Beispiel-Lehrprojekt, den praktischen PDF-Anleitungen, dem E-Book und der kostenlosen Greenscreen-App kann sofort losgelegt werden. Die&nbsp;<strong>mitgelieferte Halterung<\/strong> passt sich jedem Tablet und Telefon an und sorgt so f\u00fcr eine flexible Nutzung.<\/p>\n\n\n\n<h2 class=\"wp-block-heading\"><span style=\"font-size: 14pt;\"><\/span>Bitte melden Sie sich f\u00fcr die Ausleihe telefonisch unter 0671 \u2013 803 1667 (1668) oder per <a href=\"mailto:bad-kreuznach@kmz.bildung-rp.de\" target=\"_blank\" rel=\"noreferrer noopener\">Mail<\/a>. Workshops: Termine auf Anfrage<\/h2>\n\n\n\n<p class=\"wp-block-paragraph\"><\/p>\n","protected":false},"excerpt":{"rendered":"<p>Tischstudio (4x) und gro\u00dfe Leinwand im Verleih. GreenScreen Box &#8211; Tischstudio f\u00fcr das Tablet Kreative Stop-Motion-Videos und Bild-Szenen! kinderleichte Handhabung &#8211; Aufnahmen mit beliebigen Hintergr\u00fcnden! Ideal f\u00fcr kreative Schulprojekte! (Foto: KMZ) Gro\u00dfe Greenscreen-Leinwand mit Stativ (3x3m) Die Welt ganz einfach in den Klassenraum holen! Nachrichtenstudio, Theaterszenen, Erkl\u00e4rvideos in virtueller Umgebung, Film- und Trickaufnahmen&#8230; Lassen Sie [&hellip;]<\/p>\n","protected":false},"author":2,"featured_media":0,"parent":0,"menu_order":5,"comment_status":"closed","ping_status":"closed","template":"","meta":{"_crdt_document":"","footnotes":""},"class_list":["post-26445","page","type-page","status-publish","hentry","entry"],"jetpack_sharing_enabled":true,"_links":{"self":[{"href":"https:\/\/mz-badkreuznach.bildung-rp.de\/index.php?rest_route=\/wp\/v2\/pages\/26445","targetHints":{"allow":["GET"]}}],"collection":[{"href":"https:\/\/mz-badkreuznach.bildung-rp.de\/index.php?rest_route=\/wp\/v2\/pages"}],"about":[{"href":"https:\/\/mz-badkreuznach.bildung-rp.de\/index.php?rest_route=\/wp\/v2\/types\/page"}],"author":[{"embeddable":true,"href":"https:\/\/mz-badkreuznach.bildung-rp.de\/index.php?rest_route=\/wp\/v2\/users\/2"}],"replies":[{"embeddable":true,"href":"https:\/\/mz-badkreuznach.bildung-rp.de\/index.php?rest_route=%2Fwp%2Fv2%2Fcomments&post=26445"}],"version-history":[{"count":68,"href":"https:\/\/mz-badkreuznach.bildung-rp.de\/index.php?rest_route=\/wp\/v2\/pages\/26445\/revisions"}],"predecessor-version":[{"id":27109,"href":"https:\/\/mz-badkreuznach.bildung-rp.de\/index.php?rest_route=\/wp\/v2\/pages\/26445\/revisions\/27109"}],"wp:attachment":[{"href":"https:\/\/mz-badkreuznach.bildung-rp.de\/index.php?rest_route=%2Fwp%2Fv2%2Fmedia&parent=26445"}],"curies":[{"name":"wp","href":"https:\/\/api.w.org\/{rel}","templated":true}]}}