{"id":979,"date":"2018-09-12T15:20:38","date_gmt":"2018-09-12T13:20:38","guid":{"rendered":"http:\/\/mz-badkreuznach.bildung-rp.de\/?page_id=979"},"modified":"2023-04-20T09:46:11","modified_gmt":"2023-04-20T07:46:11","slug":"unser-app-angebot","status":"publish","type":"page","link":"https:\/\/mz-badkreuznach.bildung-rp.de\/?page_id=979","title":{"rendered":"App-Angebot"},"content":{"rendered":"\n<p class=\"has-medium-font-size wp-block-paragraph\">Prinzipiell k\u00f6nnen wir ihnen alle kostenlosen Apps auf die iPads \u00fcbertragen. <\/p>\n\n\n\n<p class=\"has-medium-font-size wp-block-paragraph\">Zus\u00e4tzlich bieten wir einige <strong>kostenpflichtige Apps <\/strong>an, z.B.<\/p>\n\n\n\n<ul class=\"wp-block-list\">\n<li>Team-Shake<\/li>\n\n\n\n<li>Hunderterfeld<\/li>\n\n\n\n<li>Explain Everythin Basics<\/li>\n\n\n\n<li>Puppet Master<\/li>\n\n\n\n<li>Book Creator for iPad<\/li>\n\n\n\n<li>Stickyboard 2<\/li>\n\n\n\n<li>Zahlen bis 100<\/li>\n\n\n\n<li>Zwanzigerfeld f\u00fcr iPad<\/li>\n\n\n\n<li>Amount &#8211; Unit converter<\/li>\n\n\n\n<li>Rhythm Cat &#8211; Lesen Musik<\/li>\n\n\n\n<li>Stop Motion Studio Pro<\/li>\n\n\n\n<li>L\u00e4rmampel Merlin<\/li>\n\n\n\n<li>Stage Pro by Belkin for iPad<\/li>\n\n\n\n<li>Vektor Rechner<\/li>\n\n\n\n<li>Comic Life 3<\/li>\n\n\n\n<li>ABC Starterkit Deutsch DFA<\/li>\n\n\n\n<li>usw.<\/li>\n<\/ul>\n\n\n\n<p class=\"wp-block-paragraph\"><\/p>\n\n\n\n<p class=\"has-medium-font-size wp-block-paragraph\"> Fragen Sie bei Bedarf einfach nach!<\/p>\n","protected":false},"excerpt":{"rendered":"<p>Prinzipiell k\u00f6nnen wir ihnen alle kostenlosen Apps auf die iPads \u00fcbertragen. Zus\u00e4tzlich bieten wir einige kostenpflichtige Apps an, z.B. Fragen Sie bei Bedarf einfach nach!<\/p>\n","protected":false},"author":2,"featured_media":0,"parent":0,"menu_order":1,"comment_status":"closed","ping_status":"closed","template":"","meta":{"_crdt_document":"","footnotes":""},"class_list":["post-979","page","type-page","status-publish","hentry","entry"],"jetpack_sharing_enabled":true,"_links":{"self":[{"href":"https:\/\/mz-badkreuznach.bildung-rp.de\/index.php?rest_route=\/wp\/v2\/pages\/979","targetHints":{"allow":["GET"]}}],"collection":[{"href":"https:\/\/mz-badkreuznach.bildung-rp.de\/index.php?rest_route=\/wp\/v2\/pages"}],"about":[{"href":"https:\/\/mz-badkreuznach.bildung-rp.de\/index.php?rest_route=\/wp\/v2\/types\/page"}],"author":[{"embeddable":true,"href":"https:\/\/mz-badkreuznach.bildung-rp.de\/index.php?rest_route=\/wp\/v2\/users\/2"}],"replies":[{"embeddable":true,"href":"https:\/\/mz-badkreuznach.bildung-rp.de\/index.php?rest_route=%2Fwp%2Fv2%2Fcomments&post=979"}],"version-history":[{"count":31,"href":"https:\/\/mz-badkreuznach.bildung-rp.de\/index.php?rest_route=\/wp\/v2\/pages\/979\/revisions"}],"predecessor-version":[{"id":25833,"href":"https:\/\/mz-badkreuznach.bildung-rp.de\/index.php?rest_route=\/wp\/v2\/pages\/979\/revisions\/25833"}],"wp:attachment":[{"href":"https:\/\/mz-badkreuznach.bildung-rp.de\/index.php?rest_route=%2Fwp%2Fv2%2Fmedia&parent=979"}],"curies":[{"name":"wp","href":"https:\/\/api.w.org\/{rel}","templated":true}]}}